{"id":16,"date":"2025-11-07T09:58:42","date_gmt":"2025-11-07T08:58:42","guid":{"rendered":"https:\/\/antiatom.myfinal.at\/?page_id=16"},"modified":"2026-01-07T09:06:34","modified_gmt":"2026-01-07T08:06:34","slug":"onlinepetitionen","status":"publish","type":"page","link":"https:\/\/antiatom.myfinal.at\/?page_id=16","title":{"rendered":"Onlinepetitionen"},"content":{"rendered":"\n<h4 class=\"wp-block-heading\">Aktuelle Petitionen<\/h4>\n\n\n\n<p><\/p>\n\n\n\n<h6 class=\"wp-block-heading\">Kein Ausbau von bestehenden AKWs! &#8211; Kein Atomm\u00fcll an der \u00f6sterreichischen Grenze!<\/h6>\n\n\n\n<p>Bisher konnten wir \u00fcber 8.300 Unterschriften mit Hilfe vieler Gemeinden sammeln, \u00fcber 13.000 Unterschriften haben wir Ende 2018 an die damalige Umweltministerin K\u00f6stinger \u00fcbergeben:<br>Daf\u00fcr m\u00f6chten wir uns bei allen B\u00fcrgermeisterinnen und B\u00fcrgermeistern sowie Gemeindebediensteten, die unsere Aktion immer wieder unterst\u00fctzen, Listen auflegen sowie diese auch auf die Gemeindewebsites stellen, und der Bev\u00f6lkerung die M\u00f6glichkeit zum Unterschreiben bieten, herzlichst bedanken!<\/p>\n\n\n\n<p>Wenn wir ein Atomm\u00fcllendlager an \u00d6sterreichs Grenze verhindern wollen, sind alle Kr\u00e4fte notwendig, die wir irgendwie aufbringen k\u00f6nnen, auch zur Unterst\u00fctzung der tschechischen Gemeinden.<\/p>\n\n\n\n<figure class=\"wp-block-image aligncenter size-full is-resized\"><img loading=\"lazy\" decoding=\"async\" width=\"565\" height=\"800\" src=\"https:\/\/antiatom.myfinal.at\/wp-content\/uploads\/2026\/01\/Plakat_Unterschriften_2019.jpg\" alt=\"\" class=\"wp-image-982\" style=\"width:374px;height:auto\" srcset=\"https:\/\/antiatom.myfinal.at\/wp-content\/uploads\/2026\/01\/Plakat_Unterschriften_2019.jpg 565w, https:\/\/antiatom.myfinal.at\/wp-content\/uploads\/2026\/01\/Plakat_Unterschriften_2019-212x300.jpg 212w\" sizes=\"auto, (max-width: 565px) 100vw, 565px\" \/><\/figure>\n\n\n\n<div class=\"wp-block-buttons is-content-justification-center is-layout-flex wp-container-core-buttons-is-layout-a89b3969 wp-block-buttons-is-layout-flex\">\n<div class=\"wp-block-button\"><a class=\"wp-block-button__link wp-element-button\" href=\"https:\/\/www.petitionen.com\/gegen_den_ausbau_tschechischer_akws_und_die_errichtung_eines_grenznahen_endlagers\">Onlinepetition<\/a><\/div>\n\n\n\n<div class=\"wp-block-button\"><a class=\"wp-block-button__link wp-element-button\" href=\"http:\/\/chrome-extension:\/\/efaidnbmnnnibpcajpcglclefindmkaj\/http:\/\/www.anti.atom.at\/uploads\/images\/unterschriftenliste_2019.pdf\" target=\"_blank\" rel=\"noreferrer noopener\">Unterschriftenformular<\/a><\/div>\n<\/div>\n\n\n\n<p>Wegen des Widerstandes gegen ein Endlager in den betroffenen tschechischen Gemeinden selbst scheint sich nun aber eine sehr bedenkliche Entwicklung abzuzeichnen, die Mitsprache der betroffenen Gemeinden einzuschr\u00e4nken!<\/p>\n\n\n\n<p><strong>Es ist daher unbedingt notwendig, von der neuen Bundesregierung Aktivit\u00e4ten dagegen erneut einzufordern, die auch sichtbar sind!<\/strong><\/p>\n\n\n\n<p>Das Anti Atom Komitee startet nun erneut eine Unterschriftenaktion gegen den unverantwortlichen Ausbau der Atomkraft und gegen ein Atomm\u00fcllendlager an unserer Grenze, die wieder von \u00f6sterreichischen Anti Atom Organisationen unterst\u00fctzt wird.<\/p>\n\n\n\n<p><\/p>\n","protected":false},"excerpt":{"rendered":"<p>Aktuelle Petitionen Kein Ausbau von bestehenden AKWs! &#8211; Kein Atomm\u00fcll an der \u00f6sterreichischen Grenze! Bisher konnten wir \u00fcber 8.300 Unterschriften [&hellip;]<\/p>\n","protected":false},"author":1,"featured_media":0,"parent":12,"menu_order":0,"comment_status":"closed","ping_status":"closed","template":"","meta":{"site-sidebar-layout":"default","site-content-layout":"","ast-site-content-layout":"default","site-content-style":"default","site-sidebar-style":"default","ast-global-header-display":"","ast-banner-title-visibility":"","ast-main-header-display":"","ast-hfb-above-header-display":"","ast-hfb-below-header-display":"","ast-hfb-mobile-header-display":"","site-post-title":"","ast-breadcrumbs-content":"","ast-featured-img":"","footer-sml-layout":"","theme-transparent-header-meta":"","adv-header-id-meta":"","stick-header-meta":"","header-above-stick-meta":"","header-main-stick-meta":"","header-below-stick-meta":"","astra-migrate-meta-layouts":"default","ast-page-background-enabled":"default","ast-page-background-meta":{"desktop":{"background-color":"var(--ast-global-color-5)","background-image":"","background-repeat":"repeat","background-position":"center center","background-size":"auto","background-attachment":"scroll","background-type":"","background-media":"","overlay-type":"","overlay-color":"","overlay-opacity":"","overlay-gradient":""},"tablet":{"background-color":"","background-image":"","background-repeat":"repeat","background-position":"center center","background-size":"auto","background-attachment":"scroll","background-type":"","background-media":"","overlay-type":"","overlay-color":"","overlay-opacity":"","overlay-gradient":""},"mobile":{"background-color":"","background-image":"","background-repeat":"repeat","background-position":"center center","background-size":"auto","background-attachment":"scroll","background-type":"","background-media":"","overlay-type":"","overlay-color":"","overlay-opacity":"","overlay-gradient":""}},"ast-content-background-meta":{"desktop":{"background-color":"var(--ast-global-color-4)","background-image":"","background-repeat":"repeat","background-position":"center center","background-size":"auto","background-attachment":"scroll","background-type":"","background-media":"","overlay-type":"","overlay-color":"","overlay-opacity":"","overlay-gradient":""},"tablet":{"background-color":"var(--ast-global-color-4)","background-image":"","background-repeat":"repeat","background-position":"center center","background-size":"auto","background-attachment":"scroll","background-type":"","background-media":"","overlay-type":"","overlay-color":"","overlay-opacity":"","overlay-gradient":""},"mobile":{"background-color":"var(--ast-global-color-4)","background-image":"","background-repeat":"repeat","background-position":"center center","background-size":"auto","background-attachment":"scroll","background-type":"","background-media":"","overlay-type":"","overlay-color":"","overlay-opacity":"","overlay-gradient":""}},"footnotes":""},"class_list":["post-16","page","type-page","status-publish","hentry"],"_links":{"self":[{"href":"https:\/\/antiatom.myfinal.at\/index.php?rest_route=\/wp\/v2\/pages\/16","targetHints":{"allow":["GET"]}}],"collection":[{"href":"https:\/\/antiatom.myfinal.at\/index.php?rest_route=\/wp\/v2\/pages"}],"about":[{"href":"https:\/\/antiatom.myfinal.at\/index.php?rest_route=\/wp\/v2\/types\/page"}],"author":[{"embeddable":true,"href":"https:\/\/antiatom.myfinal.at\/index.php?rest_route=\/wp\/v2\/users\/1"}],"replies":[{"embeddable":true,"href":"https:\/\/antiatom.myfinal.at\/index.php?rest_route=%2Fwp%2Fv2%2Fcomments&post=16"}],"version-history":[{"count":4,"href":"https:\/\/antiatom.myfinal.at\/index.php?rest_route=\/wp\/v2\/pages\/16\/revisions"}],"predecessor-version":[{"id":984,"href":"https:\/\/antiatom.myfinal.at\/index.php?rest_route=\/wp\/v2\/pages\/16\/revisions\/984"}],"up":[{"embeddable":true,"href":"https:\/\/antiatom.myfinal.at\/index.php?rest_route=\/wp\/v2\/pages\/12"}],"wp:attachment":[{"href":"https:\/\/antiatom.myfinal.at\/index.php?rest_route=%2Fwp%2Fv2%2Fmedia&parent=16"}],"curies":[{"name":"wp","href":"https:\/\/api.w.org\/{rel}","templated":true}]}}