{"id":400,"date":"2025-11-12T10:40:46","date_gmt":"2025-11-12T09:40:46","guid":{"rendered":"https:\/\/antiatom.myfinal.at\/?page_id=400"},"modified":"2025-12-30T16:28:37","modified_gmt":"2025-12-30T15:28:37","slug":"atomstrom-in-oesterreich","status":"publish","type":"page","link":"https:\/\/antiatom.myfinal.at\/?page_id=400","title":{"rendered":"Stromanbieter in \u00d6sterreich"},"content":{"rendered":"\n<p>Obwohl \u00d6kostrom in \u00d6sterreich vorgeblich allgegenw\u00e4rtig ist, kann es sich dabei aber auch um Atomstrom handeln. Das geht ganz einfach! \u2013 Der Stromh\u00e4ndler kauft Atomstrom und dazu beispielsweise ein Wasserkraftzertifikat aus Norwegen: Fertig ist der \u00d6kostrom!<\/p>\n\n\n\n<p>Ein Herkunftsnachweis kann nach derzeitigem Stand unabh\u00e4ngig von der Energie von einem Inhaber auf einen anderen \u00fcbertragen werden. Es m\u00fcsste aber f\u00fcr den Kunden der Nachweis erbracht werden, dass die von ihm bezahlte Kilowattstunde aus erneuerbarer Energie stammt! \u00e0 Entscheidend sind die Geldfl\u00fcsse!<\/p>\n\n\n\n<p>Andererseits: Obwohl Norwegen als Vorbild bei der Energiewende gilt, vorwiegend seine Energie mit Wasserkraft erzeugt, sieht es durch den Zertifikatshandel allerdings so aus, dass der im Land verbrauchte Strom zu 73 % fossil ist und der Anteil an Atomstrom stolze 18 % betr\u00e4gt, obwohl Norwegen kein einziges AKW besitzt. Wirklich nachhaltig w\u00e4ren rechnerisch nur mehr 9 % (NVE 2024). Damit l\u00e4gen die Skandinavier am unteren Ende jeder Statistik!<\/p>\n\n\n\n<figure class=\"wp-block-image size-large is-resized\"><img loading=\"lazy\" decoding=\"async\" width=\"1024\" height=\"252\" src=\"https:\/\/antiatom.myfinal.at\/wp-content\/uploads\/2025\/12\/Zertifikat-1024x252.png\" alt=\"\" class=\"wp-image-953\" style=\"aspect-ratio:4.063682023935016;width:804px;height:auto\" srcset=\"https:\/\/antiatom.myfinal.at\/wp-content\/uploads\/2025\/12\/Zertifikat-1024x252.png 1024w, https:\/\/antiatom.myfinal.at\/wp-content\/uploads\/2025\/12\/Zertifikat-300x74.png 300w, https:\/\/antiatom.myfinal.at\/wp-content\/uploads\/2025\/12\/Zertifikat-768x189.png 768w, https:\/\/antiatom.myfinal.at\/wp-content\/uploads\/2025\/12\/Zertifikat-1536x378.png 1536w, https:\/\/antiatom.myfinal.at\/wp-content\/uploads\/2025\/12\/Zertifikat.png 1879w\" sizes=\"auto, (max-width: 1024px) 100vw, 1024px\" \/><\/figure>\n","protected":false},"excerpt":{"rendered":"<p>Obwohl \u00d6kostrom in \u00d6sterreich vorgeblich allgegenw\u00e4rtig ist, kann es sich dabei aber auch um Atomstrom handeln. Das geht ganz einfach! [&hellip;]<\/p>\n","protected":false},"author":1,"featured_media":0,"parent":0,"menu_order":0,"comment_status":"closed","ping_status":"closed","template":"","meta":{"site-sidebar-layout":"default","site-content-layout":"","ast-site-content-layout":"default","site-content-style":"default","site-sidebar-style":"default","ast-global-header-display":"","ast-banner-title-visibility":"","ast-main-header-display":"","ast-hfb-above-header-display":"","ast-hfb-below-header-display":"","ast-hfb-mobile-header-display":"","site-post-title":"","ast-breadcrumbs-content":"","ast-featured-img":"","footer-sml-layout":"","theme-transparent-header-meta":"","adv-header-id-meta":"","stick-header-meta":"","header-above-stick-meta":"","header-main-stick-meta":"","header-below-stick-meta":"","astra-migrate-meta-layouts":"default","ast-page-background-enabled":"default","ast-page-background-meta":{"desktop":{"background-color":"var(--ast-global-color-5)","background-image":"","background-repeat":"repeat","background-position":"center center","background-size":"auto","background-attachment":"scroll","background-type":"","background-media":"","overlay-type":"","overlay-color":"","overlay-opacity":"","overlay-gradient":""},"tablet":{"background-color":"","background-image":"","background-repeat":"repeat","background-position":"center center","background-size":"auto","background-attachment":"scroll","background-type":"","background-media":"","overlay-type":"","overlay-color":"","overlay-opacity":"","overlay-gradient":""},"mobile":{"background-color":"","background-image":"","background-repeat":"repeat","background-position":"center center","background-size":"auto","background-attachment":"scroll","background-type":"","background-media":"","overlay-type":"","overlay-color":"","overlay-opacity":"","overlay-gradient":""}},"ast-content-background-meta":{"desktop":{"background-color":"var(--ast-global-color-4)","background-image":"","background-repeat":"repeat","background-position":"center center","background-size":"auto","background-attachment":"scroll","background-type":"","background-media":"","overlay-type":"","overlay-color":"","overlay-opacity":"","overlay-gradient":""},"tablet":{"background-color":"var(--ast-global-color-4)","background-image":"","background-repeat":"repeat","background-position":"center center","background-size":"auto","background-attachment":"scroll","background-type":"","background-media":"","overlay-type":"","overlay-color":"","overlay-opacity":"","overlay-gradient":""},"mobile":{"background-color":"var(--ast-global-color-4)","background-image":"","background-repeat":"repeat","background-position":"center center","background-size":"auto","background-attachment":"scroll","background-type":"","background-media":"","overlay-type":"","overlay-color":"","overlay-opacity":"","overlay-gradient":""}},"footnotes":""},"class_list":["post-400","page","type-page","status-publish","hentry"],"_links":{"self":[{"href":"https:\/\/antiatom.myfinal.at\/index.php?rest_route=\/wp\/v2\/pages\/400","targetHints":{"allow":["GET"]}}],"collection":[{"href":"https:\/\/antiatom.myfinal.at\/index.php?rest_route=\/wp\/v2\/pages"}],"about":[{"href":"https:\/\/antiatom.myfinal.at\/index.php?rest_route=\/wp\/v2\/types\/page"}],"author":[{"embeddable":true,"href":"https:\/\/antiatom.myfinal.at\/index.php?rest_route=\/wp\/v2\/users\/1"}],"replies":[{"embeddable":true,"href":"https:\/\/antiatom.myfinal.at\/index.php?rest_route=%2Fwp%2Fv2%2Fcomments&post=400"}],"version-history":[{"count":6,"href":"https:\/\/antiatom.myfinal.at\/index.php?rest_route=\/wp\/v2\/pages\/400\/revisions"}],"predecessor-version":[{"id":968,"href":"https:\/\/antiatom.myfinal.at\/index.php?rest_route=\/wp\/v2\/pages\/400\/revisions\/968"}],"wp:attachment":[{"href":"https:\/\/antiatom.myfinal.at\/index.php?rest_route=%2Fwp%2Fv2%2Fmedia&parent=400"}],"curies":[{"name":"wp","href":"https:\/\/api.w.org\/{rel}","templated":true}]}}