{"id":44,"date":"2025-11-07T10:00:35","date_gmt":"2025-11-07T09:00:35","guid":{"rendered":"https:\/\/antiatom.myfinal.at\/?page_id=44"},"modified":"2025-12-30T16:42:47","modified_gmt":"2025-12-30T15:42:47","slug":"mitglied-werden","status":"publish","type":"page","link":"https:\/\/antiatom.myfinal.at\/?page_id=44","title":{"rendered":"Mitglied werden"},"content":{"rendered":"\n<p>Allen, denen unsere Anliegen genauso wichtig sind wie uns, m\u00f6chten wir herzlich einladen, unserem Verein beizutreten oder unsere Arbeit mit einer Spende zu unterst\u00fctzen! Die Beitrittserkl\u00e4rung kann zu unseren \u00d6ffnungszeiten in unserem B\u00fcro abgegeben werden oder per E-Mail (<a href=\"mailto:office@anti.atom.at\" target=\"_blank\" rel=\"noreferrer noopener\">office@anti.atom.at<\/a>) \u00fcbermittelt werden.<\/p>\n\n\n\n<h4 class=\"wp-block-heading\">Beitrittserkl\u00e4rung<\/h4>\n\n\n\n<div data-wp-interactive=\"core\/file\" class=\"wp-block-file\"><object data-wp-bind--hidden=\"!state.hasPdfPreview\" hidden class=\"wp-block-file__embed\" data=\"https:\/\/antiatom.myfinal.at\/wp-content\/uploads\/2025\/12\/Beitrittserklaerung.pdf\" type=\"application\/pdf\" style=\"width:100%;height:600px\" aria-label=\"Einbettung von Beitrittserkl\u00e4rung.\"><\/object><a id=\"wp-block-file--media-35f57d9c-e58d-4710-a01b-389010c83cc8\" href=\"https:\/\/antiatom.myfinal.at\/wp-content\/uploads\/2025\/12\/Beitrittserklaerung.pdf\">Beitrittserkl\u00e4rung<\/a><a href=\"https:\/\/antiatom.myfinal.at\/wp-content\/uploads\/2025\/12\/Beitrittserklaerung.pdf\" class=\"wp-block-file__button wp-element-button\" download aria-describedby=\"wp-block-file--media-35f57d9c-e58d-4710-a01b-389010c83cc8\">Herunterladen<\/a><\/div>\n\n\n\n<p><\/p>\n","protected":false},"excerpt":{"rendered":"<p>Allen, denen unsere Anliegen genauso wichtig sind wie uns, m\u00f6chten wir herzlich einladen, unserem Verein beizutreten oder unsere Arbeit mit [&hellip;]<\/p>\n","protected":false},"author":1,"featured_media":0,"parent":36,"menu_order":0,"comment_status":"closed","ping_status":"closed","template":"","meta":{"site-sidebar-layout":"default","site-content-layout":"","ast-site-content-layout":"default","site-content-style":"default","site-sidebar-style":"default","ast-global-header-display":"","ast-banner-title-visibility":"","ast-main-header-display":"","ast-hfb-above-header-display":"","ast-hfb-below-header-display":"","ast-hfb-mobile-header-display":"","site-post-title":"","ast-breadcrumbs-content":"","ast-featured-img":"","footer-sml-layout":"","theme-transparent-header-meta":"","adv-header-id-meta":"","stick-header-meta":"","header-above-stick-meta":"","header-main-stick-meta":"","header-below-stick-meta":"","astra-migrate-meta-layouts":"default","ast-page-background-enabled":"default","ast-page-background-meta":{"desktop":{"background-color":"var(--ast-global-color-5)","background-image":"","background-repeat":"repeat","background-position":"center center","background-size":"auto","background-attachment":"scroll","background-type":"","background-media":"","overlay-type":"","overlay-color":"","overlay-opacity":"","overlay-gradient":""},"tablet":{"background-color":"","background-image":"","background-repeat":"repeat","background-position":"center center","background-size":"auto","background-attachment":"scroll","background-type":"","background-media":"","overlay-type":"","overlay-color":"","overlay-opacity":"","overlay-gradient":""},"mobile":{"background-color":"","background-image":"","background-repeat":"repeat","background-position":"center center","background-size":"auto","background-attachment":"scroll","background-type":"","background-media":"","overlay-type":"","overlay-color":"","overlay-opacity":"","overlay-gradient":""}},"ast-content-background-meta":{"desktop":{"background-color":"var(--ast-global-color-4)","background-image":"","background-repeat":"repeat","background-position":"center center","background-size":"auto","background-attachment":"scroll","background-type":"","background-media":"","overlay-type":"","overlay-color":"","overlay-opacity":"","overlay-gradient":""},"tablet":{"background-color":"var(--ast-global-color-4)","background-image":"","background-repeat":"repeat","background-position":"center center","background-size":"auto","background-attachment":"scroll","background-type":"","background-media":"","overlay-type":"","overlay-color":"","overlay-opacity":"","overlay-gradient":""},"mobile":{"background-color":"var(--ast-global-color-4)","background-image":"","background-repeat":"repeat","background-position":"center center","background-size":"auto","background-attachment":"scroll","background-type":"","background-media":"","overlay-type":"","overlay-color":"","overlay-opacity":"","overlay-gradient":""}},"footnotes":""},"class_list":["post-44","page","type-page","status-publish","hentry"],"_links":{"self":[{"href":"https:\/\/antiatom.myfinal.at\/index.php?rest_route=\/wp\/v2\/pages\/44","targetHints":{"allow":["GET"]}}],"collection":[{"href":"https:\/\/antiatom.myfinal.at\/index.php?rest_route=\/wp\/v2\/pages"}],"about":[{"href":"https:\/\/antiatom.myfinal.at\/index.php?rest_route=\/wp\/v2\/types\/page"}],"author":[{"embeddable":true,"href":"https:\/\/antiatom.myfinal.at\/index.php?rest_route=\/wp\/v2\/users\/1"}],"replies":[{"embeddable":true,"href":"https:\/\/antiatom.myfinal.at\/index.php?rest_route=%2Fwp%2Fv2%2Fcomments&post=44"}],"version-history":[{"count":8,"href":"https:\/\/antiatom.myfinal.at\/index.php?rest_route=\/wp\/v2\/pages\/44\/revisions"}],"predecessor-version":[{"id":967,"href":"https:\/\/antiatom.myfinal.at\/index.php?rest_route=\/wp\/v2\/pages\/44\/revisions\/967"}],"up":[{"embeddable":true,"href":"https:\/\/antiatom.myfinal.at\/index.php?rest_route=\/wp\/v2\/pages\/36"}],"wp:attachment":[{"href":"https:\/\/antiatom.myfinal.at\/index.php?rest_route=%2Fwp%2Fv2%2Fmedia&parent=44"}],"curies":[{"name":"wp","href":"https:\/\/api.w.org\/{rel}","templated":true}]}}